. Give d(16).
148
Let u(z) = z**2 - 36181*z - 868897. Determine u(-24).
23
Let l(s) = s**2 + 1787*s - 578743. Give l(280).
17
Let i(o) = -o**3 + 14*o**2 + 1532*o + 638. Calculate i(47).
-255
Let q(v) = v**3 - 132*v**2 + 3103*v - 100. What is q(32)?
-3204
Let h(a) = 58*a - 7147. Determine h(119).
-245
Let k(s) = s**3 + 52*s**2 - 316*s - 108. Determine k(6).
84
Let t(n) = 128*n**2 + 874*n - 2625. Determine t(3).
1149
Let u(p) = 6*p**2 - 294*p - 1531. What is u(-5)?
89
Let r(l) = -13834*l + 124528. Give r(9).
22
Let s(b) = 31353*b + 501642. Calculate s(-16).
-6
Let t(v) = -27*v**3 + 299*v**2 - 5*v + 23. What is t(11)?
210
Let a(w) = 2*w**2 - 35*w - 15625. Give a(-80).
-25
Let p(y) = -27*y**2 + 84*y + 226. Determine p(5).
-29
Let p(m) = -5*m**2 + 48*m - 26. Give p(9).
1
Let t(a) = -2023*a**2 - 12158*a - 21. What is t(-6)?
99
Let j(t) = -9616474*t - 48082379. Give j(-5).
-9
Let d(u) = -3*u**3 - 116*u**2 + 276*u - 11. Determine d(2).
53
Let a(g) = -3*g**3 - 297*g**2 + 2021*g + 1429. What is a(7)?
-6
Let h(p) = -80*p**2 + 12560*p + 164. Determine h(157).
164
Let h(a) = -2*a**3 + 323*a**2 - 8639*a - 978. What is h(34)?
76
Let p(w) = -w**2 + 1296*w + 6498. Determine p(-5).
-7
Let g(i) = -7*i**3 + 924*i**2 + 7*i - 790. Determine g(132).
134
Let r(n) = -5*n**2 + 208*n - 1998. Calculate r(11).
-315
Let b(z) = -z**2 - 31044*z + 496972. Determine b(16).
12
Let s(r) = 253*r - 6565. Determine s(26).
13
Let b(g) = -1938*g + 38999. Give b(20).
239
Let t(j) = -168*j + 3. Give t(-2).
339
Let x(z) = z**3 - 53*z**2 + 2574*z - 131011. Determine x(52).
133
Let b(o) = -226*o**3 - 2*o**2 - 132*o + 136. What is b(1)?
-224
Let r(i) = 151*i**2 + 24*i - 19. Calculate r(1).
156
Let n(c) = -2*c**3 - 6*c**2 + 83642*c + 1256. Calculate n(-206).
20
Let r(f) = -275*f + 1390. Calculate r(5).
15
Let j(l) = l**3 + 47*l**2 - 2871*l + 8. What is j(35)?
-27
Let n(g) = g**3 + 57*g**2 + 126*g + 10285. What is n(-58)?
-387
Let h(c) = -c**3 + 6*c**2 - 911*c + 3627. Determine h(4).
15
Let a(k) = -344*k**2 + 4630*k + 2594. What is a(14)?
-10
Let z(p) = 6*p**3 + 3*p**2 - 121*p + 51. Determine z(4).
-1
Let w(c) = -2*c**2 - 164*c + 6555. Give w(30).
-165
Let o(n) = -32*n**3 - 17748*n**2 - 11068*n + 6652. What is o(-554)?
4
Let b(d) = -2*d**2 + 51352*d + 565129. Give b(-11).
15
Let u(a) = 5876*a + 129210. Calculate u(-22).
-62
Let m(r) = -971*r**2 - 1742*r + 1741. Calculate m(1).
-972
Let m(k) = -14*k**2 - 76*k + 676. What is m(12)?
-2252
Let y(a) = -5*a**3 + 200*a**2 + 29166*a - 2303. What is y(-59)?
-2
Let h(o) = 328*o - 17921. Calculate h(52).
-865
Let o(c) = -c**2 + 157*c - 1427. What is o(9)?
-95
Let u(x) = 8*x**2 + 176*x + 182. Give u(0).
182
Let y(x) = -267*x + 4737. Calculate y(18).
-69
Let g(o) = -o**2 - 249*o - 7831. Determine g(-93).
6677
Let s(h) = -8040*h + 217465. Give s(27).
385
Let f(r) = r**3 + 837*r**2 - 7749*r - 2268520. Calculate f(-843).
-7
Let j(d) = d**3 - 64*d**2 + 970*d - 73. Calculate j(37).
-1146
Let x(k) = 324202*k - 10050259. What is x(31)?
3
Let m(c) = 159079*c + 954489. Give m(-6).
15
Let g(y) = -138985*y - 2223785. Calculate g(-16).
-25
Let x(j) = -16*j**2 - 967*j - 1301. Give x(-59).
56
Let h(l) = -9*l**3 + 77*l**2 - 72*l - 127. Give h(7).
55
Let h(z) = -3*z**2 - 11*z + 878. Determine h(0).
878
Let s(k) = 7020*k + 34448. Determine s(-5).
-652
Let f(b) = -2834*b - 63. Give f(0).
-63
Let a(n) = n**2 - 506*n - 10936. Give a(-21).
131
Let a(v) = 1604*v - 534182. Give a(333).
-50
Let l(b) = -9*b**2 - 2057*b + 22666. Give l(11).
-1050
Let v(s) = s**3 - 30*s**2 - 3731*s + 124473. Determine v(35).
13
Let s(g) = 169*g**2 + 154*g - 463. Give s(3).
1520
Let u(v) = -12*v**2 + 323*v + 28. What is u(29)?
-697
Let v(w) = -w**3 + 24*w**2 - 29*w - 144. Determine v(21).
570
Let i(p) = -7113*p - 49644. Calculate i(-7).
147
Let y(m) = 687*m + 24297. Give y(-38).
-1809
Let z(u) = -u**2 + 101*u + 133230. Give z(-318).
-12
Let a(w) = -485*w - 1079. Give a(-1).
-594
Let z(t) = -410390*t + 3693483. Determine z(9).
-27
Let t(u) = 861*u + 3502. Calculate t(-4).
58
Let l(s) = 15599*s - 514765. Calculate l(33).
2
Let h(p) = -281*p**2 + 5054*p + 39. What is h(18)?
-33
Let l(m) = 1636*m - 60092. Determine l(36).
-1196
Let a(q) = 80*q**3 + 17*q**2 - 353*q - 4. Determine a(2).
-2
Let d(g) = g**3 - 395*g**2 - 2740*g + 296004. Give d(400).
4
Let j(f) = -1033*f + 459586. Determine j(445).
-99
Let n(z) = z**3 - 34*z**2 - 1173*z + 782. Calculate n(55).
-208
Let k(c) = 37*c**3 - 13*c**2 - 31*c + 182. Determine k(5).
4327
Let o(b) = 4*b**2 - 15*b - 412. Determine o(20).
888
Let k(j) = 33268*j + 132581. Calculate k(-4).
-491
Let u(w) = w**3 + w**2 - 460*w - 3237. Give u(-8).
-5
Let i(o) = -89552*o + 626862. Calculate i(7).
-2
Let f(y) = -7*y**2 + 50*y + 2541. Calculate f(23).
-12
Let l(n) = -n**3 - 197*n**2 - 9518*n + 138. Calculate l(-85).
-32
Let b(t) = 2*t**3 + 617*t**2 + 1511*t - 5823. Give b(-306).
-9
Let k(s) = 5*s**2 + 30243*s + 150978. What is k(-5)?
-112
Let f(o) = 2161*o - 30238. What is f(14)?
16
Let m(o) = o**2 + 2445*o + 46. Calculate m(0).
46
Let u(x) = -x**3 - 34*x**2 + 129*x - 707. Calculate u(-38).
167
Let x(b) = 5685*b**2 + 108017*b + 40. Calculate x(-19).
2
Let h(j) = 12*j**3 - 61*j**2 - 598*j + 51. Determine h(10).
-29
Let g(f) = 294*f - 68914. Calculate g(234).
-118
Let o(p) = 3*p**2 - 933*p + 72418. Determine o(162).
4
Let h(r) = -642*r + 43. Give h(1).
-599
Let c(m) = -20*m**2 - 2435*m + 13323. What is c(-127)?
-12
Let t(l) = -2320106*l + 16240761. What is t(7)?
19
Let k(a) = -145856*a - 3938103. Determine k(-27).
9
Let c(t) = 3614*t**2 + 964938*t - 5. Determine c(-267).
-5
Let l(b) = -b**3 - 174*b**2 - 1331*b - 22. What is l(-8)?
2
Let w(t) = -26*t - 2644. Determine w(-54).
-1240
Let s(a) = -2*a**3 + 77*a**2 - 662*a + 441. Determine s(19).
1942
Let s(x) = -5*x**3 - 1823*x**2 + 2563*x + 375. Determine s(-366).
9
Let h(c) = -3969*c - 12293. Calculate h(-3).
-386
Let c(t) = 2*t**2 - 2535*t + 22673. Give c(9).
20
Let k(p) = 15*p**3 + 88*p**2 + 31*p + 253. Calculate k(-6).
-5
Let b(r) = -227986*r + 4331713. Give b(19).
-21
Let h(q) = q**2 - 52*q - 456. Calculate h(43).
-843
Let h(s) = -85251*s + 426241. Determine h(5).
-14
Let j(w) = 10*w**3 + 183*w**2 - 67*w + 1065. Determine j(-19).
-189
Let i(v) = 239573*v - 239682. What is i(1)?
-109
Let l(s) = -s**2 + 44*s + 967. Calculate l(-28).
-1049
Let q(c) = c**2 - 332*c + 4416. Calculate q(14).
-36
Let t(o) = -3675*o + 3572145. What is t(972)?
45
Let q(w) = 3*w**2 - 1032*w + 12952. Calculate q(13).
43
Let t(l) = -l**3 + 475*l**2 - 22392*l + 1375. Determine t(53).
-3
Let q(t) = 10654*t - 202536. Determine q(19).
-110
Let w(l) = -l**2 + 217*l + 10389. What is w(-40)?
109
Let x(m) = m**3 + 87*m**2 + 1675*m - 533. What is x(-61)?
-5962
Let j(m) = -3204*m + 1159857. Calculate j(362).
9
Let d(a) = -215*a + 4959. Determine d(24).
-201
Let v(i) = -i**3 + 23*i**2 - 25*i + 665. Calculate v(11).
1842
Let t(v) = -27*v**2 + 78*v - 156. Calculate t(2).
-108
Let b(r) = -39222*r + 4275222. Give b(109).
24
Let o(x) = -254*x + 29461. Calculate o(117).
-257
Let f(b) = 5*b**2 + 35601*b + 816182. Calculate f(-23).
4
Let h(q) = -19*q**2 - 140*q - 314. Give h(-2).
-110
Let f(l) = -18*l**2 + 1428*l + 276. What is f(80)?
-684
Let k(q) = -q**3 - 682*q**2 - 5412*q - 156. What is k(-8)?
4
Let x(i) = i**3 - 33*i**2 + 227*i - 45. Calculate x(23).
-114
Let h(a) = -20532*a + 472198. Determine h(23).
-38
Let a(l) = -l**2 + 63*l + 1311. Determine a(79).
47
Let g(a) = -402900*a + 37066801. Determine g(92).
1
Let t(k) = -12*k**3 - 782*k**2 - 106*k + 1547. Calculate t(-65).
-13
Let s(t) = 2454*t + 7413. Determine s(-3).
51
Let l(b) = 12*b**3 + 109*b**2 + 107*b + 876. Give l(-9).
-6
Let q(v) = 17922*v - 286746. Determine q(16).
6
Let t(l) = 1219*l + 17715. What is t(-15)?
-570
Let i(n) = -2*n**2 + 31*n + 61. Determine i(12).
145
Let k(m) = 2*m**3 + 34*m**2 + 32*m + 26. Give k(-16).
26
Let z(t) = t**3 + 58*t**2 - 1195*t - 890. Determine z(-74).
-76
Let x(h) = h**2 + 15454*h - 2230412. What is x(143)?
-41
Let m(q) = -q**3 - 815*q**2 + 7319*q - 79945. Give m(-824).
-17
Let w(f) = -f**2 - 6865*f - 96059. Give w(-14).
-145
Let x(c) = -4*c**2 - 736*c - 725. Give x(-183).
7
Let x(q) = 105*q**2 - 988*q - 19. Give x(10).
601
Let i(r) = -2216*r - 135171. Determine i(-61).
5
Let b(